-36*-3*1/n.
3
Let t(i) = -i**3 - 2*i**2 - 6*i - 1. List the prime factors of t(-3).
2, 13
Let g = 3 - 2. Let m = 3 - g. List the prime factors of (-104)/(-4)*1/m.
13
Suppose 15 = -3*w, 2*w - 76 - 103 = -3*a. List the prime factors of a.
3, 7
Let x(y) = y**3 + 4*y**2 + y - 4. Let m be x(-3). Let i be 5/((-15)/(-6) - m). Suppose -4*k + i = -18. List the prime factors of k.
7
Let h(x) be the third derivative of x**4/8 - 2*x**3/3 + x**2. Suppose 3*g = 10 + 8. List the prime factors of h(g).
2, 7
Suppose 0 = -8*j + 3*j - 65. Let q = 20 + j. Let s = 14 - q. List the prime factors of s.
7
Suppose -3*r = 4*r - 574. List the prime factors of r.
2, 41
Suppose -2*f - 5*v = -40, -f + 7*v + 33 = 3*v. Let w = -14 + f. What are the prime factors of w?
11
Suppose -3*v - v = 0. Suppose v = -h + 16 + 1. What are the prime factors of h?
17
Let t = 68 - 38. List the prime factors of t.
2, 3, 5
Suppose 0 = -5*i + 3*t + 1363, i = -t - 2 + 281. Suppose i = 2*v + 3*v. What are the prime factors of v?
5, 11
Let w be 1*(-1 + 2) - 2. Let k(l) = -7*l - 1 + 1. List the prime factors of k(w).
7
Suppose 4*s - 40 = 3*n + 2*n, -4*n - 16 = 0. Let f(g) = 3*g. What are the prime factors of f(s)?
3, 5
Let r(b) = -16*b + 2. Let v be r(-2). Let x be (-1)/(1/13 + 0). Let i = v + x. What are the prime factors of i?
3, 7
Suppose 0 = -a - 4*s - 8, -4*s - 5 = -2*a + 3. Suppose 4 = 3*q - 5*w - a, -5*w = 10. What are the prime factors of 33/6 - 1/q?
2, 3
Suppose -4*p + u = -7, p + u + 0*u = 3. Suppose p*r - 7 = 7. What are the prime factors of r?
7
Let l = -50 - -145. What are the prime factors of l?
5, 19
Let c = -22 - -20. Let w(j) = 5*j**2 - 2*j - 3. What are the prime factors of w(c)?
3, 7
Let v(f) = 10 - 8 - 8*f + 8 + 3*f. What are the prime factors of v(-6)?
2, 5
What are the prime factors of 865/25 - (-4)/10?
5, 7
Suppose 5*g = -5, -3*g + 180 = 2*l - 119. What are the prime factors of l?
151
What are the prime factors of 61/3 - ((-4)/12)/(-1)?
2, 5
Suppose 17*f = 13*f + 84. List the prime factors of f.
3, 7
Suppose -4*a + 22 = -3*a. Suppose -4*f + 4 = -4*v, -4*v = 5*f - 28 - a. Let b = f - -5. List the prime factors of b.
11
Let k = 214 + -83. What are the prime factors of k?
131
Suppose -345 = -j - 2*q, 1516 + 257 = 5*j - 2*q. What are the prime factors of j?
353
Suppose -3*n + 6*l - 4*l = -749, 3*n - l - 754 = 0. List the prime factors of n.
11, 23
List the prime factors of 2*2/14 + 173/7.
5
Let j(a) = -a**3 - 19*a**2 - 15*a + 39. List the prime factors of j(-19).
2, 3
What are the prime factors of (((-711)/(-6))/3)/(8/16)?
79
Let n(a) = 2*a + 6. Let x be n(-4). Let l = x + 6. What are the prime factors of l?
2
Suppose 7 = i - 2*h, 2 = 5*i + 2*h - 21. Suppose -170 = -2*q - q - 5*u, -5*q + i*u + 230 = 0. List the prime factors of q.
2, 5
Let h be 168/(-35)*(-1 + -24). Suppose -k + h = k. Suppose 20 - k = -5*r. What are the prime factors of r?
2
Let h(l) = 4*l. Let c(j) = j + 5. Let m be c(-5). Suppose 0 = -m*f - 2*f + 6. What are the prime factors of h(f)?
2, 3
Let l(b) = -1 + 2*b + 3*b**3 - 9*b**2 + 2 - 4*b - 2. Let w(p) = 2*p**3 - 8*p**2 - 2*p - 2. Let z(j) = 3*l(j) - 4*w(j). List the prime factors of z(-4).
13
Let v(s) = 61*s + 3. What are the prime factors of v(1)?
2
Let t be 5*(-1)/(-20)*4. What are the prime factors of 2/t*(-196)/(-8)?
7
Suppose 5*p - 2*z = 0, 0 = -p + 3*z - 7 - 6. Suppose 5*d = p*d + 6. List the prime factors of d.
2
Let i = -14 + 6. What are the prime factors of -1*(1 + i + 0)?
7
Let q be (-1)/(((-10)/4)/(-5)). Let z be (-5)/(q*3/30). Suppose 0 = -4*p + z + 7. List the prime factors of p.
2
Suppose -2*u + 2*s + 35 = 13, -5*u + 43 = s. Suppose 7 = -b + 3*a - 0*a, -3 = -3*a. Let r = b + u. What are the prime factors of r?
5
Let r(k) = 31*k**2 - k + 1. What are the prime factors of r(1)?
31
Let v(r) be the third derivative of r**5/60 + r**4/24 - r**3/3 + 2*r**2. What are the prime factors of v(-4)?
2, 5
Let d(r) = 5*r**3 - 2*r**2 + 1. Let f be d(1). What are the prime factors of f/3*(-84)/(-8)?
2, 7
Let x(n) = -6*n. Let b be x(-1). Let f = -1 + b. List the prime factors of f.
5
Let z = -20 - -37. Suppose -5*x + 8 = -z. List the prime factors of x.
5
Let f be 8/10*(-4 - 1). What are the prime factors of -29*(7 + -3)/f?
29
List the prime factors of 2 - 2*(-692)/8.
5, 7
Let n = 59 + -26. List the prime factors of n.
3, 11
Let r = -12 + 17. Suppose -2*g = -2*b - 0*b - 10, r*g - 19 = 3*b. Suppose 3*c + g*c - 39 = 3*s, -s = -2. What are the prime factors of c?
3
Let d = -19 + 86. List the prime factors of d.
67
Let u be -2 + 5 + 1 + -3. Let b(g) = 13*g**2 - g + 1. List the prime factors of b(u).
13
Let d be 0 - -1 - (1 - -12). Let y be (-14 - (1 - 0)) + -2. Let n = d - y. What are the prime factors of n?
5
Suppose -4*f + 5*s + 6 - 1 = 0, -1 = -5*f + s. Let w be f/(6/(-4)*-2). Suppose -5*g - 20 = w, 4*v + 15 = -5*g + 79. List the prime factors of v.
3, 7
Let w(s) = -s**2 + 17*s**2 + 5*s**2. What are the prime factors of w(-1)?
3, 7
Let v be 12/9*6/2. List the prime factors of (v/6)/(1/6).
2
Suppose 7*m + 0*m - 1036 = 0. List the prime factors of m.
2, 37
Let g be 308/(-55)*10/(-4). Suppose 0*i - 2 = -i, 0 = 2*f + 2*i - g. List the prime factors of f.
5
Let f(j) = -2*j**2 + 8*j + 6. Let n be f(7). Let y be n/6*1/(-2). What are the prime factors of (-2)/y*(1 - 19)?
2, 3
Let m(k) = 5*k + 1. Let u be m(1). Let l = u - 16. Let z = 4 - l. List the prime factors of z.
2, 7
Suppose m - 654 = -4*l, 0 = m + 3 - 1. Suppose 3*o + o - l = 0. What are the prime factors of o?
41
Let v(n) = -n**3 - n**2 + n + 42. Let y be v(0). Suppose 10*c = 8*c + y. What are the prime factors of c?
3, 7
Let o = 29 - 4. What are the prime factors of o?
5
Let a = -4 - -6. Let l be -4*a/(-6 + 2). Suppose 0 = l*v - 20. What are the prime factors of v?
2, 5
List the prime factors of (-1105)/(-52) + 2 + (-9)/4.
3, 7
Suppose 6*g - 24 = 2*g. Suppose -g*j = -2*j + 4. List the prime factors of -2 + j + 14 - -1.
2, 3
Let s be (-2 + -1)*69/(-9). Let c = 60 - s. List the prime factors of c.
37
Suppose -4 - 11 = -5*y. Suppose -224 = -t - y*t. Suppose 2*p = -0*p - 5*h + 16, -2*h = -4*p + t. What are the prime factors of p?
13
Let h = 2 - 5. Let n = 0 + h. List the prime factors of 14/6 - 2/n.
3
Let c(p) = p**3 + 7*p**2 + 5*p + 1. Let w be c(-7). Let f = -6 - w. What are the prime factors of f?
2, 7
Let n = 445 - 124. List the prime factors of n.
3, 107
Let b = -199 - -70. Let q be b/(-27) - (-4)/18. Suppose -5*i + 45 = -5*d, 4*i + q*d = 10 + 35. What are the prime factors of i?
2, 5
List the prime factors of 6/(-9) + (-60)/(-9).
2, 3
Let i(p) = p - 9. Let c be (1 - -6*2)*1. List the prime factors of i(c).
2
Suppose -12 = 3*s - 0*s. Let i(a) = a**2 + 5*a + 6. What are the prime factors of i(s)?
2
Let c(w) = 2*w - 2. Let x be c(-2). Let a be (-20)/6 - (-4)/(-6). Let m = a - x. What are the prime factors of m?
2
Suppose 123 = 4*x - 21. Suppose 3*l = -r + 1, -x = -2*r + r + 4*l. What are the prime factors of r?
2
Let y be (-1 + 13)*(2 + -1). Suppose w - y - 4 = 0. List the prime factors of w.
2
Suppose 48 = -4*g - 12. What are the prime factors of (g/(-4))/((-12)/(-32))?
2, 5
Suppose 6*x = 5*x + 33. What are the prime factors of x?
3, 11
Let c(a) = a**3 - 7*a**2 + 4*a - 8. Let v be c(7). Let q be -4 + 4/(8/(-18)). Let y = q + v. What are the prime factors of y?
7
Let n = 5 - 5. Suppose r + 2*w + w - 10 = n, 3*r - 22 = -5*w. Suppose 4*d + x - 60 = -10, 5*x - 58 = -r*d. What are the prime factors of d?
2, 3
Let v be 5*(-4 - -2 - -3). Suppose 4 = -3*c + 4*j, 0*c + v*j - 5 = -3*c. Suppose z = -3*y - 5, -55 = -5*z + 5*y - c*y. What are the prime factors of z?
7
Suppose -5*u + 5 = -85. Suppose -3*h + 4*h = -2*l + 27, -h = 3. Suppose -l = -3*t + u. List the prime factors of t.
11
Let y = -6 - -4. Let d = 10 + y. List the prime factors of d.
2
Let y(m) = -15*m + 5. Let f be y(-3). Suppose -74 = -4*h - 5*l, -3*h + 6*l = 7*l - f. List the prime factors of h.
2
Let r be (0 - 1) + 0 + -1. Let c(m) = -7*m. Let u be c(r). List the prime factors of 136/22 + u/(-77).
2, 3
Let x be 16*-1*(-2)/4. Suppose -5*y + y + 4*z = 8, 25 = 5*z. Suppose -y*i = 2*d - 25, -3*i = -x*i - 3*d + 40. List the prime factors of i.
5
Let m = 48 - 32. Suppose 2*r + 4*l - 49 = -9, -2*r = l - 25. Let b = m - r. List the prime factors of b.
2, 3
Let c =